{"id":14,"date":"2020-06-12T18:44:27","date_gmt":"2020-06-12T18:44:27","guid":{"rendered":"https:\/\/freunde-kk-bgd.de\/?page_id=14"},"modified":"2024-07-10T12:39:30","modified_gmt":"2024-07-10T12:39:30","slug":"vorstand","status":"publish","type":"page","link":"https:\/\/freunde-kk-bgd.de\/?page_id=14","title":{"rendered":"Vorstand\u00a0"},"content":{"rendered":"\n<div class=\"wp-block-group\"><div class=\"wp-block-group__inner-container is-layout-constrained wp-block-group-is-layout-constrained\">\n<div class=\"wp-block-columns is-layout-flex wp-container-core-columns-is-layout-9d6595d7 wp-block-columns-is-layout-flex\">\n<div class=\"wp-block-column is-layout-flow wp-block-column-is-layout-flow\" style=\"flex-basis:66.66%\">\n<div class=\"wp-block-media-text has-media-on-the-right is-stacked-on-mobile\" style=\"padding-top:0;padding-right:var(--wp--preset--spacing--50);padding-bottom:0;padding-left:var(--wp--preset--spacing--50);grid-template-columns:auto 25%\"><div class=\"wp-block-media-text__content\">\n<p class=\"has-extra-large-font-size\"><strong>Vorstand<\/strong><\/p>\n<\/div><figure class=\"wp-block-media-text__media\"><img loading=\"lazy\" decoding=\"async\" width=\"248\" height=\"248\" src=\"https:\/\/freunde-kk-bgd.de\/wp-content\/uploads\/2023\/08\/logo_NEUklein.png\" alt=\"\" class=\"wp-image-1323 size-full\" srcset=\"https:\/\/freunde-kk-bgd.de\/wp-content\/uploads\/2023\/08\/logo_NEUklein.png 248w, https:\/\/freunde-kk-bgd.de\/wp-content\/uploads\/2023\/08\/logo_NEUklein-150x150.png 150w\" sizes=\"auto, (max-width: 248px) 100vw, 248px\" \/><\/figure><\/div>\n\n\n\n<figure class=\"wp-block-image size-large\"><img loading=\"lazy\" decoding=\"async\" width=\"338\" height=\"450\" src=\"https:\/\/freunde-kk-bgd.de\/wp-content\/uploads\/2024\/07\/Bild-2-Vorstand-Freunde-Fachklinik--338x450.jpg\" alt=\"\" class=\"wp-image-1502\" srcset=\"https:\/\/freunde-kk-bgd.de\/wp-content\/uploads\/2024\/07\/Bild-2-Vorstand-Freunde-Fachklinik--338x450.jpg 338w, https:\/\/freunde-kk-bgd.de\/wp-content\/uploads\/2024\/07\/Bild-2-Vorstand-Freunde-Fachklinik--225x300.jpg 225w, https:\/\/freunde-kk-bgd.de\/wp-content\/uploads\/2024\/07\/Bild-2-Vorstand-Freunde-Fachklinik--768x1024.jpg 768w, https:\/\/freunde-kk-bgd.de\/wp-content\/uploads\/2024\/07\/Bild-2-Vorstand-Freunde-Fachklinik--1152x1536.jpg 1152w, https:\/\/freunde-kk-bgd.de\/wp-content\/uploads\/2024\/07\/Bild-2-Vorstand-Freunde-Fachklinik--1536x2048.jpg 1536w, https:\/\/freunde-kk-bgd.de\/wp-content\/uploads\/2024\/07\/Bild-2-Vorstand-Freunde-Fachklinik--1568x2091.jpg 1568w, https:\/\/freunde-kk-bgd.de\/wp-content\/uploads\/2024\/07\/Bild-2-Vorstand-Freunde-Fachklinik--scaled.jpg 1920w\" sizes=\"auto, (max-width: 338px) 100vw, 338px\" \/><\/figure>\n\n\n\n<p><strong>1. Vorsitzende<\/strong><br>Dr. med. Ursula Reichelt<\/p>\n\n\n\n<p><strong>2. Vorsitzender<\/strong><br>Viktor Neb<\/p>\n\n\n\n<p><strong>Schriftf\u00fchrer<\/strong><br>Hermann Lochschmied<\/p>\n\n\n\n<p><strong>Schatzmeisterin<\/strong><br>Ute Spiesberger<\/p>\n\n\n\n<p><strong>Beratende Vorstandsmitglieder<\/strong><br>Barbara Denteler<br>Dr. Thomas Kanig<br>Roswitha Moderegger<br>Irmgard Sch\u00f6ner-Lenz<br>Maria Stangassinger<br>Dr. Kornelia Zenker-Wendlinger<\/p>\n\n\n\n<p><strong>Rechnungspr\u00fcfer<\/strong><br>Michael Grie\u00dfer<br>Ulrich Reichart<\/p>\n<\/div>\n\n\n\n<div class=\"wp-block-column is-layout-flow wp-block-column-is-layout-flow\" style=\"flex-basis:33.33%\">\n<p><\/p>\n\n\n\n<p class=\"borderedtext has-text-color has-background\" style=\"color:#202557;background-color:#62b3cc;font-size:16px\"><strong>Kontakt:<\/strong><br>Freunde der Fachklinik Berchtesgaden e. V.&nbsp;<br>Locksteinstra\u00dfe 16<br>83471 Berchtesgaden&nbsp;<br>Tel.: +49 (0) 8652 \/ 57-0<br>E-Mail: <a rel=\"noreferrer noopener\" href=\"mailto:info@freunde-kk-bgd.de\" target=\"_blank\">info@freunde-kk-bgd.de<\/a><\/p>\n\n\n\n<p class=\"borderedtext has-text-color has-background\" style=\"color:#202557;background-color:#62b3cc;font-size:16px\"><strong>Cafe\/Kiosk<\/strong><br>Montag-Freitag<br>10.00 &#8211; 17.00 Uhr<br>Sonn- und Feiertag<br>13.00 &#8211; 17.00 Uhr<\/p>\n\n\n\n<p class=\"borderedtext has-text-color has-background\" style=\"color:#202557;background-color:#62b3cc;font-size:16px\"><strong>Patientenb\u00fccherei<\/strong><br>Dienstag<br>14.00 &#8211; 16.00 Uhr<\/p>\n<\/div>\n<\/div>\n<\/div><\/div>\n","protected":false},"excerpt":{"rendered":"<p>Vorstand 1. VorsitzendeDr. med. Ursula Reichelt 2. VorsitzenderViktor Neb Schriftf\u00fchrerHermann Lochschmied SchatzmeisterinUte Spiesberger Beratende VorstandsmitgliederBarbara DentelerDr. Thomas KanigRoswitha ModereggerIrmgard Sch\u00f6ner-LenzMaria StangassingerDr. Kornelia Zenker-Wendlinger Rechnungspr\u00fcferMichael Grie\u00dferUlrich Reichart Kontakt:Freunde der Fachklinik Berchtesgaden e. V.&nbsp;Locksteinstra\u00dfe 1683471 Berchtesgaden&nbsp;Tel.: +49 (0) 8652 \/ 57-0E-Mail: info@freunde-kk-bgd.de Cafe\/KioskMontag-Freitag10.00 &#8211; 17.00 UhrSonn- und Feiertag13.00 &#8211; 17.00 Uhr Patientenb\u00fcchereiDienstag14.00 &#8211; 16.00 Uhr<\/p>\n","protected":false},"author":3,"featured_media":0,"parent":12,"menu_order":0,"comment_status":"closed","ping_status":"closed","template":"","meta":{"footnotes":""},"class_list":["post-14","page","type-page","status-publish","hentry","entry"],"yoast_head":"<!-- This site is optimized with the Yoast SEO plugin v27.4 - https:\/\/yoast.com\/product\/yoast-seo-wordpress\/ -->\n<title>Vorstand\u00a0 - Freunde der Fachklinik Berchtesgaden e.V.<\/title>\n<meta name=\"robots\" content=\"index, follow, max-snippet:-1, max-image-preview:large, max-video-preview:-1\" \/>\n<link rel=\"canonical\" href=\"https:\/\/freunde-kk-bgd.de\/?page_id=14\" \/>\n<meta property=\"og:locale\" content=\"de_DE\" \/>\n<meta property=\"og:type\" content=\"article\" \/>\n<meta property=\"og:title\" content=\"Vorstand\u00a0 - Freunde der Fachklinik Berchtesgaden e.V.\" \/>\n<meta property=\"og:description\" content=\"Vorstand 1. VorsitzendeDr. med. Ursula Reichelt 2. VorsitzenderViktor Neb Schriftf\u00fchrerHermann Lochschmied SchatzmeisterinUte Spiesberger Beratende VorstandsmitgliederBarbara DentelerDr. Thomas KanigRoswitha ModereggerIrmgard Sch\u00f6ner-LenzMaria StangassingerDr. Kornelia Zenker-Wendlinger Rechnungspr\u00fcferMichael Grie\u00dferUlrich Reichart Kontakt:Freunde der Fachklinik Berchtesgaden e. V.&nbsp;Locksteinstra\u00dfe 1683471 Berchtesgaden&nbsp;Tel.: +49 (0) 8652 \/ 57-0E-Mail: info@freunde-kk-bgd.de Cafe\/KioskMontag-Freitag10.00 &#8211; 17.00 UhrSonn- und Feiertag13.00 &#8211; 17.00 Uhr Patientenb\u00fcchereiDienstag14.00 &#8211; 16.00 Uhr\" \/>\n<meta property=\"og:url\" content=\"https:\/\/freunde-kk-bgd.de\/?page_id=14\" \/>\n<meta property=\"og:site_name\" content=\"Freunde der Fachklinik Berchtesgaden e.V.\" \/>\n<meta property=\"article:modified_time\" content=\"2024-07-10T12:39:30+00:00\" \/>\n<meta property=\"og:image\" content=\"https:\/\/freunde-kk-bgd.de\/wp-content\/uploads\/2023\/08\/logo_NEUklein.png\" \/>\n<meta name=\"twitter:card\" content=\"summary_large_image\" \/>\n<meta name=\"twitter:label1\" content=\"Gesch\u00e4tzte Lesezeit\" \/>\n\t<meta name=\"twitter:data1\" content=\"1\u00a0Minute\" \/>\n<script type=\"application\/ld+json\" class=\"yoast-schema-graph\">{\"@context\":\"https:\\\/\\\/schema.org\",\"@graph\":[{\"@type\":\"WebPage\",\"@id\":\"https:\\\/\\\/freunde-kk-bgd.de\\\/?page_id=14\",\"url\":\"https:\\\/\\\/freunde-kk-bgd.de\\\/?page_id=14\",\"name\":\"Vorstand\u00a0 - Freunde der Fachklinik Berchtesgaden e.V.\",\"isPartOf\":{\"@id\":\"https:\\\/\\\/freunde-kk-bgd.de\\\/#website\"},\"primaryImageOfPage\":{\"@id\":\"https:\\\/\\\/freunde-kk-bgd.de\\\/?page_id=14#primaryimage\"},\"image\":{\"@id\":\"https:\\\/\\\/freunde-kk-bgd.de\\\/?page_id=14#primaryimage\"},\"thumbnailUrl\":\"https:\\\/\\\/freunde-kk-bgd.de\\\/wp-content\\\/uploads\\\/2023\\\/08\\\/logo_NEUklein.png\",\"datePublished\":\"2020-06-12T18:44:27+00:00\",\"dateModified\":\"2024-07-10T12:39:30+00:00\",\"breadcrumb\":{\"@id\":\"https:\\\/\\\/freunde-kk-bgd.de\\\/?page_id=14#breadcrumb\"},\"inLanguage\":\"de\",\"potentialAction\":[{\"@type\":\"ReadAction\",\"target\":[\"https:\\\/\\\/freunde-kk-bgd.de\\\/?page_id=14\"]}]},{\"@type\":\"ImageObject\",\"inLanguage\":\"de\",\"@id\":\"https:\\\/\\\/freunde-kk-bgd.de\\\/?page_id=14#primaryimage\",\"url\":\"https:\\\/\\\/freunde-kk-bgd.de\\\/wp-content\\\/uploads\\\/2023\\\/08\\\/logo_NEUklein.png\",\"contentUrl\":\"https:\\\/\\\/freunde-kk-bgd.de\\\/wp-content\\\/uploads\\\/2023\\\/08\\\/logo_NEUklein.png\",\"width\":248,\"height\":248},{\"@type\":\"BreadcrumbList\",\"@id\":\"https:\\\/\\\/freunde-kk-bgd.de\\\/?page_id=14#breadcrumb\",\"itemListElement\":[{\"@type\":\"ListItem\",\"position\":1,\"name\":\"Startseite\",\"item\":\"https:\\\/\\\/freunde-kk-bgd.de\\\/\"},{\"@type\":\"ListItem\",\"position\":2,\"name\":\"Home\",\"item\":\"https:\\\/\\\/freunde-kk-bgd.de\\\/\"},{\"@type\":\"ListItem\",\"position\":3,\"name\":\"Vorstand\u00a0\"}]},{\"@type\":\"WebSite\",\"@id\":\"https:\\\/\\\/freunde-kk-bgd.de\\\/#website\",\"url\":\"https:\\\/\\\/freunde-kk-bgd.de\\\/\",\"name\":\"Freunde der Fachklinik Berchtesgaden e.V.\",\"description\":\"\",\"publisher\":{\"@id\":\"https:\\\/\\\/freunde-kk-bgd.de\\\/#organization\"},\"potentialAction\":[{\"@type\":\"SearchAction\",\"target\":{\"@type\":\"EntryPoint\",\"urlTemplate\":\"https:\\\/\\\/freunde-kk-bgd.de\\\/?s={search_term_string}\"},\"query-input\":{\"@type\":\"PropertyValueSpecification\",\"valueRequired\":true,\"valueName\":\"search_term_string\"}}],\"inLanguage\":\"de\"},{\"@type\":\"Organization\",\"@id\":\"https:\\\/\\\/freunde-kk-bgd.de\\\/#organization\",\"name\":\"Freunde der Fachklinik Berchtesgaden e.V., F\u00f6rderverein, Fachklinik, Berchtesgaden\",\"url\":\"https:\\\/\\\/freunde-kk-bgd.de\\\/\",\"logo\":{\"@type\":\"ImageObject\",\"inLanguage\":\"de\",\"@id\":\"https:\\\/\\\/freunde-kk-bgd.de\\\/#\\\/schema\\\/logo\\\/image\\\/\",\"url\":\"https:\\\/\\\/freunde-kk-bgd.de\\\/wp-content\\\/uploads\\\/2023\\\/08\\\/Logo_FK_BGD_eV.jpg\",\"contentUrl\":\"https:\\\/\\\/freunde-kk-bgd.de\\\/wp-content\\\/uploads\\\/2023\\\/08\\\/Logo_FK_BGD_eV.jpg\",\"width\":1276,\"height\":1363,\"caption\":\"Freunde der Fachklinik Berchtesgaden e.V., F\u00f6rderverein, Fachklinik, Berchtesgaden\"},\"image\":{\"@id\":\"https:\\\/\\\/freunde-kk-bgd.de\\\/#\\\/schema\\\/logo\\\/image\\\/\"}}]}<\/script>\n<!-- \/ Yoast SEO plugin. -->","yoast_head_json":{"title":"Vorstand\u00a0 - Freunde der Fachklinik Berchtesgaden e.V.","robots":{"index":"index","follow":"follow","max-snippet":"max-snippet:-1","max-image-preview":"max-image-preview:large","max-video-preview":"max-video-preview:-1"},"canonical":"https:\/\/freunde-kk-bgd.de\/?page_id=14","og_locale":"de_DE","og_type":"article","og_title":"Vorstand\u00a0 - Freunde der Fachklinik Berchtesgaden e.V.","og_description":"Vorstand 1. VorsitzendeDr. med. Ursula Reichelt 2. VorsitzenderViktor Neb Schriftf\u00fchrerHermann Lochschmied SchatzmeisterinUte Spiesberger Beratende VorstandsmitgliederBarbara DentelerDr. Thomas KanigRoswitha ModereggerIrmgard Sch\u00f6ner-LenzMaria StangassingerDr. Kornelia Zenker-Wendlinger Rechnungspr\u00fcferMichael Grie\u00dferUlrich Reichart Kontakt:Freunde der Fachklinik Berchtesgaden e. V.&nbsp;Locksteinstra\u00dfe 1683471 Berchtesgaden&nbsp;Tel.: +49 (0) 8652 \/ 57-0E-Mail: info@freunde-kk-bgd.de Cafe\/KioskMontag-Freitag10.00 &#8211; 17.00 UhrSonn- und Feiertag13.00 &#8211; 17.00 Uhr Patientenb\u00fcchereiDienstag14.00 &#8211; 16.00 Uhr","og_url":"https:\/\/freunde-kk-bgd.de\/?page_id=14","og_site_name":"Freunde der Fachklinik Berchtesgaden e.V.","article_modified_time":"2024-07-10T12:39:30+00:00","og_image":[{"url":"https:\/\/freunde-kk-bgd.de\/wp-content\/uploads\/2023\/08\/logo_NEUklein.png","type":"","width":"","height":""}],"twitter_card":"summary_large_image","twitter_misc":{"Gesch\u00e4tzte Lesezeit":"1\u00a0Minute"},"schema":{"@context":"https:\/\/schema.org","@graph":[{"@type":"WebPage","@id":"https:\/\/freunde-kk-bgd.de\/?page_id=14","url":"https:\/\/freunde-kk-bgd.de\/?page_id=14","name":"Vorstand\u00a0 - Freunde der Fachklinik Berchtesgaden e.V.","isPartOf":{"@id":"https:\/\/freunde-kk-bgd.de\/#website"},"primaryImageOfPage":{"@id":"https:\/\/freunde-kk-bgd.de\/?page_id=14#primaryimage"},"image":{"@id":"https:\/\/freunde-kk-bgd.de\/?page_id=14#primaryimage"},"thumbnailUrl":"https:\/\/freunde-kk-bgd.de\/wp-content\/uploads\/2023\/08\/logo_NEUklein.png","datePublished":"2020-06-12T18:44:27+00:00","dateModified":"2024-07-10T12:39:30+00:00","breadcrumb":{"@id":"https:\/\/freunde-kk-bgd.de\/?page_id=14#breadcrumb"},"inLanguage":"de","potentialAction":[{"@type":"ReadAction","target":["https:\/\/freunde-kk-bgd.de\/?page_id=14"]}]},{"@type":"ImageObject","inLanguage":"de","@id":"https:\/\/freunde-kk-bgd.de\/?page_id=14#primaryimage","url":"https:\/\/freunde-kk-bgd.de\/wp-content\/uploads\/2023\/08\/logo_NEUklein.png","contentUrl":"https:\/\/freunde-kk-bgd.de\/wp-content\/uploads\/2023\/08\/logo_NEUklein.png","width":248,"height":248},{"@type":"BreadcrumbList","@id":"https:\/\/freunde-kk-bgd.de\/?page_id=14#breadcrumb","itemListElement":[{"@type":"ListItem","position":1,"name":"Startseite","item":"https:\/\/freunde-kk-bgd.de\/"},{"@type":"ListItem","position":2,"name":"Home","item":"https:\/\/freunde-kk-bgd.de\/"},{"@type":"ListItem","position":3,"name":"Vorstand\u00a0"}]},{"@type":"WebSite","@id":"https:\/\/freunde-kk-bgd.de\/#website","url":"https:\/\/freunde-kk-bgd.de\/","name":"Freunde der Fachklinik Berchtesgaden e.V.","description":"","publisher":{"@id":"https:\/\/freunde-kk-bgd.de\/#organization"},"potentialAction":[{"@type":"SearchAction","target":{"@type":"EntryPoint","urlTemplate":"https:\/\/freunde-kk-bgd.de\/?s={search_term_string}"},"query-input":{"@type":"PropertyValueSpecification","valueRequired":true,"valueName":"search_term_string"}}],"inLanguage":"de"},{"@type":"Organization","@id":"https:\/\/freunde-kk-bgd.de\/#organization","name":"Freunde der Fachklinik Berchtesgaden e.V., F\u00f6rderverein, Fachklinik, Berchtesgaden","url":"https:\/\/freunde-kk-bgd.de\/","logo":{"@type":"ImageObject","inLanguage":"de","@id":"https:\/\/freunde-kk-bgd.de\/#\/schema\/logo\/image\/","url":"https:\/\/freunde-kk-bgd.de\/wp-content\/uploads\/2023\/08\/Logo_FK_BGD_eV.jpg","contentUrl":"https:\/\/freunde-kk-bgd.de\/wp-content\/uploads\/2023\/08\/Logo_FK_BGD_eV.jpg","width":1276,"height":1363,"caption":"Freunde der Fachklinik Berchtesgaden e.V., F\u00f6rderverein, Fachklinik, Berchtesgaden"},"image":{"@id":"https:\/\/freunde-kk-bgd.de\/#\/schema\/logo\/image\/"}}]}},"publishpress_future_action":{"enabled":false,"date":"2026-04-26 10:43:56","action":"change-status","newStatus":"draft","terms":[],"taxonomy":"","extraData":[]},"publishpress_future_workflow_manual_trigger":{"enabledWorkflows":[]},"_links":{"self":[{"href":"https:\/\/freunde-kk-bgd.de\/index.php?rest_route=\/wp\/v2\/pages\/14","targetHints":{"allow":["GET"]}}],"collection":[{"href":"https:\/\/freunde-kk-bgd.de\/index.php?rest_route=\/wp\/v2\/pages"}],"about":[{"href":"https:\/\/freunde-kk-bgd.de\/index.php?rest_route=\/wp\/v2\/types\/page"}],"author":[{"embeddable":true,"href":"https:\/\/freunde-kk-bgd.de\/index.php?rest_route=\/wp\/v2\/users\/3"}],"replies":[{"embeddable":true,"href":"https:\/\/freunde-kk-bgd.de\/index.php?rest_route=%2Fwp%2Fv2%2Fcomments&post=14"}],"version-history":[{"count":66,"href":"https:\/\/freunde-kk-bgd.de\/index.php?rest_route=\/wp\/v2\/pages\/14\/revisions"}],"predecessor-version":[{"id":1508,"href":"https:\/\/freunde-kk-bgd.de\/index.php?rest_route=\/wp\/v2\/pages\/14\/revisions\/1508"}],"up":[{"embeddable":true,"href":"https:\/\/freunde-kk-bgd.de\/index.php?rest_route=\/wp\/v2\/pages\/12"}],"wp:attachment":[{"href":"https:\/\/freunde-kk-bgd.de\/index.php?rest_route=%2Fwp%2Fv2%2Fmedia&parent=14"}],"curies":[{"name":"wp","href":"https:\/\/api.w.org\/{rel}","templated":true}]}}